s the tens digit of w?
3
Suppose 0 = 2*y + 17 + 21. Let w be -3 - y*(-2 + 3). Suppose 4*g - w = -3*u + 2*u, 0 = -5*g + 4*u + 20. What is the units digit of g?
4
Let l(o) = -9*o - 1. Let i = -11 + 14. Suppose -2*t - 3 = -2*p + 1, -5*t = -i*p + 12. What is the units digit of l(t)?
6
Suppose -4 = 4*c, -4*c + 9*c + 2 = -3*n. Suppose y + 6 = n, -t + 5*y = -276. What is the hundreds digit of t?
2
Let g be (-1)/(((-15)/(-6))/5). Let p(w) = -4*w**3 + 6 + 4*w**2 - w - 6 - 3*w**2. What is the units digit of p(g)?
8
Let a = -934 - -1893. What is the units digit of a?
9
Let z = -1527 + 2505. What is the units digit of z?
8
Suppose -104*k + 115*k - 4983 = 0. What is the units digit of k?
3
Suppose 0 = -c - 5*h + 135 - 44, 2*h + 112 = c. Suppose -5*l + 268 = 3*n - n, -c = -2*l - 2*n. What is the units digit of l?
4
Let a be ((-8)/(-6))/(1/(-3)). Let d be ((-27)/(-6))/((-2)/a). Suppose 2*r - r = d. What is the units digit of r?
9
Suppose 9*r - 19704 = 8691. What is the units digit of r?
5
Let x = -961 + 1651. What is the hundreds digit of x?
6
Suppose 8*o = 23*o - 9180. What is the tens digit of o?
1
Let v(q) = q**2 + 6*q - 9. Suppose 4 + 3 = -u. Let c be v(u). What is the units digit of c*3/12*-2?
1
What is the hundreds digit of 160/64*6008/10?
5
Let a = 3069 + -1732. What is the hundreds digit of a?
3
Let n(s) = -2*s**2 + 10 + 1 + 10*s - 6. Let h(m) = 2*m**2 - 11*m - 6. Let i(z) = -3*h(z) - 4*n(z). What is the units digit of i(6)?
8
Suppose -r + 4*n - 87 + 573 = 0, 3*r - 5*n = 1451. What is the units digit of r?
2
Suppose 3227 = 6*g - 4459. What is the units digit of g?
1
Let c(u) = 2*u - 17. Let g(w) = w + 1. Let q(b) = -c(b) + 3*g(b). Let v be q(-9). Let f = 15 - v. What is the units digit of f?
4
Let b = 24 - 19. Suppose 0 = -3*k - 6, -b*g + 43 = -k - 3*k. Let j(q) = -q**2 + 8*q + 7. What is the tens digit of j(g)?
1
Let f = -10 + 15. Suppose -f*y = -132 - 113. Suppose -3*g + 4*h + y = 0, -5*g + 71 = -h - 39. What is the units digit of g?
3
Let l = 895 - 451. What is the hundreds digit of l?
4
Let o(t) = -1 - 2*t**3 + 0*t**2 - 6*t - 5*t**2 + t**3. Let m be o(-4). Suppose -3*r - 57 = -4*s, 5*s + m*r = 5*r + 54. What is the units digit of s?
2
Suppose -5*s = 4*u - 65, 2*s - 4*u = -5 + 3. Let y(q) be the first derivative of 3*q**2/2 + 20*q - 5. What is the tens digit of y(s)?
4
Let c = 59 - 27. Suppose -5*j + j = -l - 16, 0 = 3*l + 4*j - c. What is the tens digit of ((-37)/(-2))/(2/l)?
3
Suppose 33 - 108 = -3*q. Suppose -q = 5*n, -3*j - 4*n + 25 = -24. Suppose -5*l = -j - 27. What is the units digit of l?
0
Let p(z) = 75*z - 72. What is the units digit of p(3)?
3
Let m(f) = -5*f + 6. Let s be m(2). What is the tens digit of (-639)/(-6) - (2/s)/1?
0
Let x(q) = q**3 + 7*q**2 - 8*q + 7. Let w be x(-7). Let i(g) = -w*g**3 - 1 + 0 + 7*g**3 + 2*g**3. What is the units digit of i(-1)?
3
Let u(i) = 68*i + 4. What is the units digit of u(2)?
0
Let a = -1314 - -3732. What is the thousands digit of a?
2
Suppose 2*r - 5*r = 27. Suppose 124*q - 122*q = 58. Let z = q + r. What is the tens digit of z?
2
Suppose -3*x = -14 - 1. Let z(k) = k**3 + k**2 - 1. Let i(w) = -w**3 - 8*w**2 + w - 1. Let t(u) = -i(u) - 2*z(u). What is the tens digit of t(x)?
2
Suppose -u + 360 = -231. What is the hundreds digit of u?
5
Suppose 3*j + i - 4 = 5*i, 5*j + 2*i = -2. Suppose -5*b + 5*s + 57 + 28 = j, 2*b - 54 = -3*s. Let l = b + 19. What is the units digit of l?
0
Suppose 202 = 2*s + s - 4*w, 322 = 5*s - 3*w. Suppose -4*o - 5*g = -110, g - s = -2*o + 2*g. What is the tens digit of o?
3
Let j be (60/36)/(2/18). Let h = 12 - j. What is the units digit of (-372)/(-8)*(-2)/h?
1
Suppose 0 = -25*a + 8*a + 2516. What is the hundreds digit of a?
1
Suppose 0 = 3*k + 3*a - 14832, 3*k + 4*a = 6376 + 8452. What is the tens digit of k?
4
Suppose -5*g + 11 = 1, -2*g - 466 = 2*h. Let u = -165 - h. What is the tens digit of u?
7
Let x(y) = -2*y**2 + 8*y. Let d be x(4). Suppose 0 = -d*b - 4*b + 72. Suppose -5*u = -8*u + b. What is the units digit of u?
6
Let k(j) = -5 + 4*j - 6 - 8 + 1. What is the units digit of k(6)?
6
Let z be (-1)/2*(-7)/((-21)/(-120)). Let u(l) = -5*l + 3. Let w be u(3). Let d = w + z. What is the units digit of d?
8
Let k(m) be the third derivative of -m**5/60 + m**4/3 - 7*m**3/6 + 4*m**2. Let u be k(6). Suppose 0 = -0*n - u*n + 215. What is the tens digit of n?
4
Let h(t) = 44*t - 9. Let x be (-1 - -3)*(0 + 2). Let s be h(x). Suppose s = 3*q + 38. What is the units digit of q?
3
Let q be (43 + 1)*(-14)/(-8). Suppose -q = -2*z - 3. What is the tens digit of z?
3
Suppose -2*l + 5*d + 837 = 0, -4*l + 3*d - d = -1666. What is the units digit of l?
6
Let a(g) = 391*g**2 + 7*g - 14. What is the units digit of a(2)?
4
Let u = 2525 + -942. What is the tens digit of u?
8
Let k = -252 + 353. Suppose -3*y + k = -5*m, 4*m - 19 - 26 = -y. Suppose -3*d + y = -68. What is the tens digit of d?
3
Let c(h) = h**3 - 9*h**2 + 6*h + 12. Let s be c(9). Suppose -m = 9 - s. Suppose 4*a - 39 - m = 0. What is the units digit of a?
4
Let l = 865 - -917. What is the thousands digit of l?
1
Suppose 17986 = 10*j - 8644. What is the thousands digit of j?
2
Suppose 0 = -10*m + 14*m - 4180. What is the units digit of m?
5
Let k be -2 + 3 - (1 - (-508)/(-2)). Suppose -2*y + k = 70. What is the tens digit of y?
9
Let a(h) = -h**3 + 6*h**2 - 5*h + 2. Let j(o) = o**2 + 15*o + 11. Let b be j(-16). Let l = -23 + b. What is the units digit of a(l)?
4
Let x(g) = -19*g**2 - 3*g + 1 + 26*g**2 + 0*g. Suppose 5*l = -j + 22, -l + 4 = -0. What is the units digit of x(j)?
3
Let b(h) be the third derivative of h**6/120 - 3*h**5/10 + 11*h**4/12 - 2*h**3/3 - 22*h**2. What is the units digit of b(17)?
1
Suppose 3*u = 6, 0 = -n + 2*u + 393 + 523. What is the units digit of n?
0
Let z = -29 + 35. Suppose -3*n - h + 243 = -z*h, -225 = -3*n - h. What is the units digit of n?
6
Let r(x) = 4*x**3 - 8*x**2 - 4*x - 11. Let l(j) = -5*j**3 + 8*j**2 + 4*j + 11. Let p(a) = 5*l(a) + 6*r(a). What is the tens digit of p(-8)?
2
Suppose 5*z = -25, 4*k - 287 = z - 2*z. What is the tens digit of k?
7
Let i(j) = -9*j**2 + 6*j + 50. Let x(b) = 5*b**2 - 3*b - 27. Let v(s) = 4*i(s) + 7*x(s). Let l = -11 + 16. What is the units digit of v(l)?
1
Let n be ((-203)/(-2))/((-2)/(-4)). Let i = 405 - 262. Let s = n - i. What is the tens digit of s?
6
Let i(f) = 3*f**2 - 20*f - 140. What is the units digit of i(19)?
3
What is the tens digit of (-3)/((-21)/5495) - 10/(-2)?
9
Let u = 7 - 7. Suppose -316 = -d + 2*m, 5*d = -u*m + 2*m + 1548. What is the hundreds digit of d?
3
Suppose 3428 = 4*i - 4*z, -i - z + 848 = -5*z. Suppose 14*j - i = 4*j. What is the units digit of j?
6
Suppose 1408 - 134 = 5*k - p, -3*p = -4*k + 1028. What is the units digit of k?
4
Suppose -202 = -3*d + 4*r + 248, 447 = 3*d - 5*r. What is the tens digit of d?
5
Let y = 3772 - 1748. What is the units digit of y?
4
Suppose 10*d - 19*d + 8190 = 0. What is the hundreds digit of d?
9
What is the hundreds digit of 7568/14 - (93/(-21) - -4)?
5
Let y(g) = -g. Let d be y(6). Let x(h) = 3*h + 21. Let l be x(d). Suppose 5*k - m = 64, -2*k - l*m + 10 = -19. What is the tens digit of k?
1
Suppose -49 = 3*w - 3*h + 44, h - 127 = 4*w. Let k be 8/w + (-362)/(-8). Let z = -27 + k. What is the tens digit of z?
1
Let t(u) be the first derivative of -10*u**3/3 + u**2 + 6*u + 9. Let z(r) = 19*r**2 - 4*r - 11. Let b(n) = 5*t(n) + 3*z(n). What is the units digit of b(-3)?
6
Let j(a) = 4*a + 54. Let l(u) = 5*u + 56. Let h(v) = -5*j(v) + 6*l(v). What is the units digit of h(0)?
6
What is the units digit of (4 + -5 - -182)*3?
3
Suppose 2*l - 2090 = -4*a, 7*l = 3*l - 5*a + 4189. What is the hundreds digit of l?
0
Let d be 5 + (1 - (0 + -3)). Let u = -64 + d. Let k = u + 101. What is the tens digit of k?
4
Let f(k) = 9*k**3 - 4*k**2 + 2*k + 7. Let v be f(3). Let a = -146 + v. What is the tens digit of a?
7
Let w = -54 - -215. Suppose 4*l - 4*j - 128 = -2*j, 5*l = 3*j + w. What is the units digit of 2/(-6) + l/3?
0
Let m = 588 - 345. What is the tens digit of m?
4
Let a(m) = 2*m**3 - 5*m**2 - 4. Let n(y) = -y**3 + 7*y**2 - 2*y + 18. Let v be n(7). What is the units digit of a(v)?
4
Let j = 34 - -166. Suppose 2*x + j = 5*v, -5*v - 5 + 235 = 4*x. What is the units digit of v?
2
Let u = -126 + 314. Let o = u - 110. Wha